2). Determine f(k).
4
Let h(w) be the first derivative of -w**3/3 - 5*w**2/2 + w - 87. Calculate h(-7).
-13
Let g(x) = -x - 2. Let l = -22 - -24. Let b be (3 + (4 - 7))/l. Let c = b + -1. Determine g(c).
-1
Let k = 13 + -8. Suppose -k*m = -5*l + 2*l - 44, -4*m + l + 31 = 0. Let g be (-9 - 1)*m/(-14). Let z(i) = -i**3 + 5*i**2 - 3*i + 3. Give z(g).
-12
Let w(v) = 6*v**2 + v - 1. Let b(f) = 19*f**2 + 9*f - 7. Let d(m) = -b(m) + 3*w(m). What is d(-4)?
12
Let x(l) = -l**2 - 13*l - 6. Suppose 5*b - 80 = 5*u, -5*u = -u + 4*b + 32. What is x(u)?
6
Let m(f) = -f**2 - 3*f + 4. Suppose 5*y - 64 = 2*c, y + y - 118 = 5*c. Let q = c + 38. Suppose -5*g + 2*z - q = 0, -3*g - 3 - 1 = -4*z. What is m(g)?
0
Let k(z) = 7*z**3 - 2*z**2 + z. Let t be k(1). Let r(u) = 3*u**2 + u. Let n(w) = -10*w**2 + 2*w + 3. Let q(m) = -n(m) - 3*r(m). Give q(t).
3
Let i(n) be the third derivative of -n**4/24 + n**3 - 3*n**2 - 4. What is i(4)?
2
Let g(l) be the first derivative of l**4/2 - 26*l**2 - 57. Let k(n) be the second derivative of g(n). What is k(1)?
12
Let w(b) be the second derivative of -b**5/20 + b**4/3 + 5*b**3/6 - 3*b**2 - 2*b + 13. Calculate w(5).
-6
Let v(o) be the second derivative of o**3/3 - 3*o**2 + 3*o. Let k be 44/(-7) - 5/((-70)/4). Give v(k).
-18
Let f(j) be the second derivative of -1/360*j**6 + 0*j**3 - 1/40*j**5 - 1/4*j**4 + 0 + 0*j**2 + j. Let t(o) be the third derivative of f(o). Give t(-5).
7
Let s be 1 + 1 - (-1 + 1). Let q = -33 - -37. Let i(r) = -7*r**2 - 10 - q*r**s + 4*r + 9 - 6*r. What is i(-1)?
-10
Let r(t) = t**2 - t + 4. Let i(d) = 3*d + 42. Suppose 3*v + 9*v + 168 = 0. Let u be i(v). Calculate r(u).
4
Suppose 2*y + 2*l + 17 = -l, -4*l = 4*y + 24. Let c be 0*y*3/6. Suppose -3*s + 15 = -5*v + 2*v, c = -v - 3. Let g(n) = -n**2 + 3*n - 2. Give g(s).
0
Let u(a) = -2*a**2 - 6*a + 4. Let l(v) = -2*v**2 - 6*v + 5. Let w(y) = y**3 + y**2 - 6*y - 3. Let p be w(-2). Let n(s) = p*l(s) - 6*u(s). Calculate n(-4).
9
Let m(g) = 6751 + 16*g**3 + 0*g**2 - 6752 + 0*g**2. Calculate m(1).
15
Let a(f) = 71*f - 63. Let p(i) = 25*i - 22. Let c(m) = -6*a(m) + 17*p(m). Determine c(-3).
7
Let l(f) = -2*f**2 + 5*f - 2. Suppose -2*x = -8*x - 138. Let n = x - -26. What is l(n)?
-5
Let r(u) = 2*u**3 - 5*u**2 + 2*u + 5. Let d(l) = -3*l**3 + 10*l**2 - 3*l - 10. Let j(y) = -3*d(y) - 5*r(y). Let v be 2*(-2 + 10 - 10). Calculate j(v).
-7
Suppose 119 = -29*d + 32. Let v(o) = o**3 + 3*o**2 - 4*o - 4. Determine v(d).
8
Let p(c) = c**3 - 4*c**2 + c - 2. Let b(m) = -m + 2. Let x(n) = -n**2 - 2*n + 7. Let a be x(-4). Let f be b(a). What is p(f)?
-8
Let j(a) = -2*a - 6. Let t be j(-4). Let x(k) = 3*k + 3 + 32*k**t - 31*k**2 - 4*k. Determine x(0).
3
Let r(t) = -3*t**3 + 9*t**2 - 5*t. Let x(b) = 2*b**3 - 8*b**2 + 5*b - 1. Let j(y) = -3*r(y) - 4*x(y). Give j(-6).
-2
Let s be 4*(154/35)/(8/30). Suppose 3*n + 8*n - s = 0. Let b(a) = 2*a. What is b(n)?
12
Let r(s) = -s**2 - 17*s + 101. Let o be r(5). Let t(b) be the second derivative of b**3/6 + 7*b**2 + 5*b. Give t(o).
5
Let k = -57 - -52. Let h(w) = w + 7. Let v(y) = 3*y + 20. Let j(r) = -11*h(r) + 4*v(r). What is j(k)?
-2
Suppose -94*r + 100*r = 0. Suppose -2*h - 5*u + 10 = 0, 0*h + 24 = 2*h - 2*u. Let q(o) = 0*o + o - h + o**2 + 0*o. Calculate q(r).
-10
Let b = 54 - 36. Let d(j) = -16*j + b*j + 1 - 6*j**2 + 3*j**2. Determine d(-2).
-15
Let i be (5/4)/((-1)/4). Let g(l) = -31*l + 1. Let h(m) = -11*m + 1. Let c(f) = -4*g(f) + 11*h(f). Calculate c(i).
-8
Let x(k) = -8*k**3 - 2*k**2 + 1. Let u(b) = b**3 - 7*b**2 - 7*b - 5. Let v be u(8). Let j be 9/(-3) + 1 + v. What is x(j)?
-9
Let g(x) be the second derivative of -x**3/6 - 3*x**2/2 - x + 1404. Let q be (8 - 1)*(-1)/(-1). Calculate g(q).
-10
Let q(h) = h**2 - h. Let k(d) = 6*d**2 - 5*d - 7. Let z(o) = k(o) - 5*q(o). Calculate z(0).
-7
Let n = -10 - -9. Let d(u) = -22*u + 8*u + 9*u - 13*u. Determine d(n).
18
Suppose 0*x + 20 = -4*x. Let r be (-50)/15*(-12)/10. Let f(y) = 3 + 492*y - 491*y + r. Calculate f(x).
2
Let g be -4*(-4)/16 - 4. Let k(h) = 80*h - 160*h + 5 - 1 + 82*h. Determine k(g).
-2
Let z(s) = -s**2 - 7*s + 9. Let j be -8*6/(-24) + 1*-11. What is z(j)?
-9
Let t(z) = -5*z**3 - 7*z**2 + 5*z + 2. Let j(l) = -l**3 + l - 1. Let p(x) = 6*j(x) - t(x). Let y(q) = 13*q + 115. Let b be y(-9). Let c = 9 + b. Give p(c).
-1
Let s(y) be the second derivative of y**5/20 - 7*y**4/12 + y**3 + y**2/2 + 201*y. Give s(6).
1
Let n(j) = -j**2 + 6*j. Let p(g) = -16*g + 2*g**2 - 10 + 3 + 18*g. Let y be p(-3). What is n(y)?
5
Let s(p) = 2*p**2 - 5*p - 3. Suppose 0 = 2*v + 3*v + 280. Let k be (-4)/6 - v/12. Give s(k).
9
Let f(a) be the second derivative of -1/12*a**5 + 7*a + 0 + 0*a**3 - 1/6*a**4 + 0*a**2 - 1/360*a**6. Let z(g) be the third derivative of f(g). Calculate z(-7).
4
Let g(x) = -x**2 - 2*x. Let u(t) = -2*t - 3. Let s(k) = g(k) + u(k). Let f be 11/(-4) - (-3)/(-12). Give s(f).
0
Let p(d) be the second derivative of -d**5/20 + 13*d**4/12 - 5*d**3/3 - 9*d**2 + 338*d. Give p(12).
6
Let s(p) be the first derivative of p**2/2 - 3*p - 156. What is s(7)?
4
Let h(b) = b**2 + b + 7. Let x(r) = -3*r**2 - r - 16. Let o(l) = 5*h(l) + 2*x(l). Suppose -29*i = -30*i + 5. Calculate o(i).
-7
Let i(v) be the first derivative of -v**3/3 - 7*v**2 - 14*v + 205. What is i(-11)?
19
Let a(r) = 9*r**2 - 3*r + 1. Let q = 175 + -173. Give a(q).
31
Let s = 196 + -195. Let n(l) = 14*l**2 + l. Determine n(s).
15
Let u(w) = w**3 - w**2 + w - 1. Let z(h) = 6*h**3 - 7*h**2 + h + 1. Let a(k) = 5*u(k) - z(k). Calculate a(3).
-3
Let c(w) = 3*w - 4*w**2 - 4*w**3 + 4*w**2 + 3*w**3 - 2. Let k(t) = t**2 + t + 1. Let v = 4 + -9. Let b(f) = v*k(f) + c(f). What is b(-5)?
3
Let d(p) be the first derivative of -2*p**3/3 + p**2 + 6*p - 699. Give d(7).
-78
Let d(i) = -4*i. Let r(y) = 4*y + 1. Let h(s) = 3*d(s) + 2*r(s). Let q = -29 + 34. What is h(q)?
-18
Let t(j) = -j**2 - 11*j - 19. Suppose 5*k = 4*a + a - 35, 5*a + 1 = k. Give t(k).
-1
Let m(f) = f**3 - 7*f**2 - f. Let d(r) = r**3 - 13*r**2 - r + 17. Let i be d(13). Suppose 0 = i*c + 14 - 42. Give m(c).
-7
Let z(v) = -v**2 + 10 - 22*v**3 + 21*v**3 + v**2. Give z(0).
10
Let x(z) = -z**2 - 23*z - 59. Let u be x(-18). Let o(n) = 24*n**2 + u*n - 23*n**2 - 29*n - 4. Calculate o(-5).
11
Let a = 10 - 7. Suppose -2*f - 2 = -2*d, 0 = 2*d + 3*d - 15. Let y(l) = -2*l**f - a*l**2 - 1 + 3*l**2 - l. Calculate y(-1).
-2
Let w(i) = i**3 - 2*i**2 - i - 3. Let d(a) = a**3 - 5*a**2 - 27*a + 27. Let t be d(8). Determine w(t).
3
Let b(q) be the second derivative of q**3/6 + q**2/2 + q. Let v = -128 + 115. Let i = v + 18. Determine b(i).
6
Let c(k) be the third derivative of 3*k**2 - 1/8*k**4 + 0*k + 1/6*k**3 + 2 - 1/60*k**5. Calculate c(-3).
1
Let k(g) = g**3 - 12*g**2 - 2*g + 24. Let m be k(12). Let r(o) = -o. Determine r(m).
0
Let t(o) = o**3 + 1. Let q(y) = 5*y**3 - 5*y**2 + 5*y + 3. Let n(c) = q(c) - 4*t(c). Suppose 0 = -5*g + g - 20. Let s = -1 - g. Give n(s).
3
Let h(q) = 2 - 7 + 2*q - 4 - 3*q. Let p(d) = d**3 - 15*d**2 + d - 23. Let a be p(15). Determine h(a).
-1
Suppose -4*a + 3*h - 23 = 0, -5*a = -a + h + 3. Let k(t) = -t - 7. Calculate k(a).
-5
Let g(b) = 8*b**2 - 2*b - 2. Let u be g(2). Suppose -6*s - 4 = u. Let t(h) = -h**2 - 6*h - 6. Calculate t(s).
-1
Let o(j) = 3*j + 11. Let n(z) = z + 2. Let v(m) = -4*n(m) + o(m). What is v(-3)?
6
Let k = -856 + 852. Let x(m) = -4*m - 4. Calculate x(k).
12
Let r(d) = -6*d + 4. Let g(q) be the second derivative of -5*q**3/6 + 5*q**2/2 + 2*q. Let z(i) = 4*g(i) - 5*r(i). Let x be (4 - -1 - 22/4)*-2. Determine z(x).
10
Let k(o) = -8*o + 0 + 4 + 1 - 3. Determine k(1).
-6
Let v(g) = -g**3 - 8*g**2 + 8*g + 7. Suppose 99 = 89*x - 100*x. Give v(x).
16
Let w(a) be the first derivative of a**3/3 - a**2 + 3*a - 116. What is w(-3)?
18
Suppose 127*f = 132*f + 30. Let a(s) = -6*s - 3. Calculate a(f).
33
Suppose 0 = -8*b - 2*b + 30. Suppose 26*d = 23*d + b. Let o(v) = 33*v**2. Let q(h) = 16*h**2. Let m(r) = -5*o(r) + 11*q(r). Calculate m(d).
11
Let x = 176 - 176. Let h(g) be the second derivative of -g + 1/20*g**5 + 1/6*g**3 + 2*g**2 + x - 1/12*g**4. Give h(0).
4
Suppose m - 5*m - 16 = 0. Let y(n) = -34 - 4*n**2 + 8*n**2 + 33 - n - 5*n**2. Give y(m).
-13
Let m(f) = 52*f - 75. Let c(p) = 19*p - 25. Let n(t) = -8*c(t) + 3*m(t). Calculate n(10).
15
Let z(s) = -s**2 - 13*